alculate the remainder when 404 is divided by 219.
185
What is the remainder when 67 is divided by 20?
7
What is the remainder when 250 is divided by 77?
19
What is the remainder when 512 is divided by 68?
36
What is the remainder when 31 is divided by 23?
8
Calculate the remainder when 26 is divided by 4.
2
Calculate the remainder when 63 is divided by 17.
12
What is the remainder when 1207 is divided by 52?
11
What is the remainder when 1592 is divided by 1569?
23
Calculate the remainder when 571 is divided by 36.
31
Calculate the remainder when 104 is divided by 22.
16
What is the remainder when 314 is divided by 33?
17
What is the remainder when 4163 is divided by 14?
5
What is the remainder when 9854 is divided by 159?
155
Calculate the remainder when 30 is divided by 1.
0
Calculate the remainder when 973 is divided by 198.
181
Calculate the remainder when 279 is divided by 44.
15
What is the remainder when 765 is divided by 256?
253
What is the remainder when 26 is divided by 24?
2
Calculate the remainder when 16873 is divided by 291.
286
What is the remainder when 3185 is divided by 42?
35
What is the remainder when 69 is divided by 36?
33
What is the remainder when 28 is divided by 6?
4
Calculate the remainder when 1230 is divided by 88.
86
Calculate the remainder when 34 is divided by 18.
16
Calculate the remainder when 300 is divided by 23.
1
Calculate the remainder when 75 is divided by 66.
9
Calculate the remainder when 10186 is divided by 33.
22
Calculate the remainder when 125 is divided by 59.
7
What is the remainder when 1869 is divided by 157?
142
What is the remainder when 310 is divided by 53?
45
What is the remainder when 195 is divided by 20?
15
Calculate the remainder when 2014 is divided by 14.
12
Calculate the remainder when 88 is divided by 7.
4
Calculate the remainder when 872 is divided by 17.
5
What is the remainder when 163 is divided by 7?
2
Calculate the remainder when 103 is divided by 26.
25
Calculate the remainder when 56 is divided by 54.
2
Calculate the remainder when 92 is divided by 39.
14
What is the remainder when 188 is divided by 24?
20
Calculate the remainder when 355 is divided by 72.
67
Calculate the remainder when 3591 is divided by 49.
14
Calculate the remainder when 1713 is divided by 35.
33
What is the remainder when 1792 is divided by 26?
24
Calculate the remainder when 1493 is divided by 22.
19
Calculate the remainder when 1621 is divided by 22.
15
What is the remainder when 351 is divided by 278?
73
What is the remainder when 692 is divided by 21?
20
Calculate the remainder when 298 is divided by 61.
54
Calculate the remainder when 58 is divided by 6.
4
Calculate the remainder when 56 is divided by 24.
8
Calculate the remainder when 93 is divided by 14.
9
Calculate the remainder when 1105 is divided by 69.
1
What is the remainder when 298 is divided by 30?
28
What is the remainder when 390 is divided by 56?
54
Calculate the remainder when 666 is divided by 650.
16
Calculate the remainder when 1260 is divided by 97.
96
What is the remainder when 145 is divided by 39?
28
What is the remainder when 132 is divided by 15?
12
What is the remainder when 4815 is divided by 20?
15
What is the remainder when 51 is divided by 32?
19
Calculate the remainder when 681 is divided by 62.
61
Calculate the remainder when 844 is divided by 45.
34
What is the remainder when 3326 is divided by 256?
254
What is the remainder when 17 is divided by 15?
2
Calculate the remainder when 90 is divided by 3.
0
Calculate the remainder when 205 is divided by 92.
21
Calculate the remainder when 92 is divided by 32.
28
What is the remainder when 317 is divided by 16?
13
Calculate the remainder when 479 is divided by 40.
39
Calculate the remainder when 430 is divided by 87.
82
What is the remainder when 407 is divided by 21?
8
What is the remainder when 403 is divided by 113?
64
What is the remainder when 259 is divided by 250?
9
What is the remainder when 664 is divided by 139?
108
Calculate the remainder when 62100 is divided by 13.
12
What is the remainder when 2754 is divided by 23?
17
Calculate the remainder when 1991 is divided by 133.
129
Calculate the remainder when 214 is divided by 32.
22
Calculate the remainder when 61163 is divided by 13.
11
Calculate the remainder when 1886 is divided by 17.
16
Calculate the remainder when 197 is divided by 18.
17
Calculate the remainder when 145 is divided by 15.
10
Calculate the remainder when 1120 is divided by 5.
0
Calculate the remainder when 934 is divided by 3.
1
What is the remainder when 545 is divided by 107?
10
What is the remainder when 91 is divided by 10?
1
Calculate the remainder when 215 is divided by 77.
61
Calculate the remainder when 351 is divided by 73.
59
What is the remainder when 231 is divided by 56?
7
Calculate the remainder when 186 is divided by 27.
24
Calculate the remainder when 47 is divided by 28.
19
What is the remainder when 242 is divided by 143?
99
Calculate the remainder when 254 is divided by 23.
1
Calculate the remainder when 309 is divided by 13.
10
What is the remainder when 491 is divided by 13?
10
Calculate the remainder when 665 is divided by 118.
75
Calculate the remainder when 4186 is divided by 18.
10
What is the remainder when 1840 is divided by 605?
25
Calculate the remainder when 183 is divided by 103.
80
Calculate the remainder when 217 is divided by 55.
52
Calculate the remainder when 88 is divided by 50.
38
What is the remainder when 27 is divided by 8?
3
Calculate the remainder when 125 is divided by 13.
8
Calculate the remainder when 844 is divided by 51.
28
Calculate the remainder when 339 is divided by 49.
45
What is the remainder when 1261 is divided by 2?
1
Calculate the remainder when 336 is divided by 123.
90
What is the remainder when 198 is divided by 40?
38
Calculate the remainder when 828 is divided by 31.
22
What is the remainder when 312 is divided by 4?
0
What is the remainder when 207 is divided by 13?
12
Calculate the remainder when 28 is divided by 8.
4
Calculate the remainder when 1263 is divided by 254.
247
Calculate the remainder when 217 is divided by 8.
1
What is the remainder when 68 is divided by 5?
3
Calculate the remainder when 267 is divided by 69.
60
What is the remainder when 902 is divided by 189?
146
Calculate the remainder when 78 is divided by 12.
6
Calculate the remainder when 422 is divided by 154.
114
Calculate the remainder when 823 is divided by 7.
4
What is the remainder when 1136 is divided by 61?
38
What is the remainder when 148 is divided by 5?
3
What is the remainder when 485 is divided by 122?
119
Calculate the remainder when 492 is divided by 38.
36
What is the remainder when 478 is divided by 61?
51
What is the remainder when 2207 is divided by 92?
91
Calculate the remainder when 48 is divided by 30.
18
Calculate the remainder when 772 is divided by 76.
12
What is the remainder when 167 is divided by 50?
17
What is the remainder when 75 is divided by 27?
21
Calculate the remainder when 1815 is divided by 23.
21
Calculate the remainder when 1886 is divided by 86.
80
What is the remainder when 1062 is divided by 181?
157
What is the remainder when 152 is divided by 23?
14
Calculate the remainder when 258 is divided by 84.
6
Calculate the remainder when 500 is divided by 119.
24
Calculate the remainder when 553 is divided by 217.
119
Calculate the remainder when 316 is divided by 315.
1
What is the remainder when 80 is divided by 29?
22
Calculate the remainder when 52 is divided by 11.
8
What is the remainder when 2172 is divided by 16?
12
Calculate the remainder when 193 is divided by 5.
3
What is the remainder when 19 is divided by 13?
6
What is the remainder when 151 is divided by 27?
16
Calculate the remainder when 10149 is divided by 94.
91
What is the remainder when 12296 is divided by 50?
46
Calculate the remainder when 1500 is divided by 43.
38
Calculate the remainder when 86 is divided by 49.
37
What is the remainder when 64 is divided by 30?
4
What is the remainder when 578 is divided by 119?
102
What is the remainder when 14395 is divided by 6?
1
Calculate the remainder when 58 is divided by 14.
2
What is the remainder when 155 is divided by 53?
49
Calculate the remain